and 426545.
8705
Calculate the highest common factor of 1353085 and 10469.
19
What is the highest common divisor of 989226710 and 30?
10
What is the highest common divisor of 18 and 59432166?
18
What is the highest common divisor of 846 and 194978184?
282
Calculate the greatest common divisor of 32302 and 32492686.
1042
What is the greatest common divisor of 21189272 and 191698?
1898
Calculate the greatest common divisor of 867632 and 7683776.
3376
What is the highest common divisor of 114 and 22373925?
57
Calculate the highest common divisor of 27975264 and 384.
96
What is the highest common factor of 12411 and 38440216?
197
What is the highest common divisor of 480 and 75736560?
240
What is the highest common factor of 15574 and 50887446?
1198
Calculate the greatest common factor of 22617933 and 13.
13
Calculate the highest common divisor of 2290 and 5685612.
458
What is the greatest common factor of 641184 and 3000?
24
What is the greatest common divisor of 392 and 7221256?
56
What is the highest common divisor of 6082577 and 2804?
701
What is the highest common divisor of 277 and 3618451?
277
What is the highest common factor of 148 and 91362583?
37
What is the greatest common factor of 615765 and 1185?
15
What is the greatest common divisor of 26238 and 51054?
6
What is the greatest common divisor of 21350888 and 208?
104
Calculate the highest common divisor of 82505112 and 432.
24
Calculate the greatest common divisor of 228 and 289030660.
76
Calculate the highest common divisor of 369873 and 256367.
1957
What is the highest common factor of 1314 and 243163?
73
What is the greatest common factor of 124786109 and 25438?
12719
What is the greatest common factor of 553064139 and 9423?
9423
Calculate the highest common factor of 3701 and 8452.
1
Calculate the highest common factor of 940187 and 137419.
131
Calculate the highest common divisor of 23029928 and 32.
8
Calculate the highest common factor of 76 and 2082742.
38
Calculate the greatest common factor of 264 and 106520370.
66
Calculate the highest common factor of 1073529821 and 1547.
1547
What is the greatest common factor of 9830694 and 743478?
1182
What is the highest common divisor of 7708 and 183475?
41
Calculate the highest common factor of 32136466 and 319.
29
What is the highest common factor of 12519713 and 159?
53
Calculate the highest common factor of 57227 and 98612.
89
What is the greatest common factor of 4194 and 442530?
18
Calculate the highest common divisor of 9565 and 210.
5
What is the greatest common factor of 29808 and 11902086?
1242
Calculate the greatest common divisor of 1040438 and 371.
7
Calculate the highest common divisor of 31632 and 9150.
6
Calculate the greatest common factor of 4500574 and 13.
13
Calculate the highest common divisor of 1647575 and 225.
25
What is the greatest common factor of 34067 and 96349?
209
Calculate the greatest common factor of 1456 and 133905772.
364
Calculate the highest common factor of 24988623 and 54417.
561
Calculate the greatest common factor of 36652 and 13973036.
2156
Calculate the highest common factor of 890342368 and 678.
226
What is the greatest common divisor of 1440166827 and 1166?
583
Calculate the highest common factor of 296 and 7764265.
37
What is the greatest common divisor of 198 and 518785674?
66
What is the highest common factor of 6334 and 85113125?
3167
Calculate the greatest common divisor of 729455538 and 21798.
7266
What is the highest common factor of 32469865 and 4878?
271
Calculate the greatest common divisor of 150 and 356910.
30
Calculate the greatest common divisor of 66 and 23802614.
22
Calculate the greatest common factor of 975 and 132450.
75
Calculate the highest common factor of 293927280 and 400.
80
Calculate the highest common factor of 390 and 614874.
78
Calculate the highest common divisor of 28548040 and 526430.
8630
Calculate the highest common divisor of 198255860 and 2300.
460
Calculate the highest common divisor of 4692 and 331908.
204
Calculate the highest common divisor of 3885700 and 341250.
4550
Calculate the greatest common factor of 5722 and 234902405.
2861
Calculate the highest common divisor of 1735 and 93313505.
1735
Calculate the greatest common factor of 2556 and 13009401.
639
Calculate the highest common factor of 1251 and 43315180.
139
Calculate the highest common divisor of 13434 and 774.
6
What is the highest common divisor of 893361 and 24738?
399
What is the highest common divisor of 189 and 275716413?
189
What is the greatest common divisor of 198038 and 620176?
166
Calculate the highest common divisor of 623166 and 2535114.
1698
Calculate the greatest common factor of 3458 and 1385471906.
3458
What is the greatest common divisor of 19 and 242902878?
19
What is the greatest common divisor of 10906 and 3565114?
574
Calculate the greatest common factor of 210259 and 2434271.
343
Calculate the highest common divisor of 11135460 and 336.
84
What is the highest common factor of 8697234 and 63?
21
Calculate the greatest common factor of 7642904 and 16.
8
Calculate the greatest common divisor of 4947967 and 37582.
989
Calculate the highest common factor of 2601 and 100174047.
867
Calculate the greatest common divisor of 164552400 and 3096.
3096
What is the greatest common factor of 82 and 31204157?
41
What is the greatest common divisor of 916 and 19149209?
229
What is the highest common divisor of 32350 and 177350?
50
What is the greatest common divisor of 335434 and 97658?
4246
What is the greatest common divisor of 10208 and 39952?
176
What is the highest common factor of 3664 and 11583872?
16
What is the greatest common factor of 867 and 19897701?
51
Calculate the highest common divisor of 42069601 and 7.
7
Calculate the greatest common divisor of 3671875 and 1363.
47
Calculate the highest common factor of 3769000 and 23260.
20
What is the highest common factor of 1336 and 498633944?
1336
What is the highest common factor of 2751 and 10344153?
393
What is the highest common divisor of 616079867 and 507?
169
What is the highest common divisor of 1148 and 16041508?
28
What is the greatest common divisor of 9819195 and 15?
15
What is the greatest common factor of 15423513 and 1168?
73
Calculate the greatest common divisor of 148 and 307310456.
148
What is the greatest common divisor of 515340 and 7455?
105
What is the highest common factor of 12382287 and 1968?
123
What is the greatest common factor of 23 and 97330779?
23
What is the greatest common divisor of 760 and 486687470?
190
What is the highest common divisor of 29318795 and 55?
55
What is the greatest common divisor of 157477120 and 170?
170
Calculate the greatest common factor of 549465107 and 1129.
1129
Calculate the highest common divisor of 2125599 and 178689.
2667
What is the highest common divisor of 216687735 and 90?
45
Calculate the highest common divisor of 241365 and 1035.
15
What is the highest common factor of 6335220 and 180?
60
Calculate the greatest common factor of 306 and 1390446.
18
What is the greatest common factor of 7543400 and 2425?
25
What is the greatest common divisor of 47350644 and 44?
44
What is the highest common factor of 6192 and 4680927?
9
Calculate the highest common divisor of 196206 and 1348638.
318
Calculate the highest common divisor of 20416 and 814784.
1856
What is the highest common divisor of 33 and 36540284?
11
What is the highest common factor of 108785508 and 683?
683
Calculate the highest common factor of 954 and 164448.
18
What is the greatest common factor of 2321408 and 355328?
1024
What is the greatest common factor of 6822 and 477258024?
2274
Calculate the highest common divisor of 30 and 16126008.
6
Calculate the greatest common divisor of 48487556 and 1157.
1157
What is the highest common factor of 108 and 243086778?
54
Calculate the greatest common factor of 2552216 and 56.
8
Calculate the highest common divisor of 79830 and 46770.
30
Calculate the greatest common divisor of 226622058 and 26.
26
What is the greatest common factor of 1080 and 4955355?
45
Calculate the greatest common factor of 74782 and 664420.
278
What is the greatest common divisor of 20585 and 708840?
895
Calculate the greatest common divisor of 4960 and 110720.
160
Calculate the grea